- (-6)/(-3). Determine p(t).
-5
Let a be (-1)/(-3) + 14/3. Let p(c) = 666*c - 3 - 664*c - 2 - 1 - 1. Give p(a).
3
Let r(h) = -2*h - 5. Let g be r(-4). Let y(f) = -g*f + 5 + 3*f - f + 0*f. Calculate y(0).
5
Let u(k) = k**3 + k**2 - 5*k. Let c be u(-3). Let f be -1 - (-6)/(4 - 2). Let p(v) = 2 + 0*v**3 + 2*v**f + 0 - v + v**3. Give p(c).
-4
Let w(a) = 7*a**2 + 3*a - 14. Let r = 11 + -6. Let l(j) be the second derivative of j**4/4 + j**3/3 - 7*j**2/2 - 8*j. Let x(n) = r*l(n) - 2*w(n). What is x(-5)?
-2
Let x(t) = -6*t + 2*t + 56*t**2 + 9 - 55*t**2. Give x(6).
21
Let i be (78 + -81)*1/1. Let r(m) be the second derivative of -m**4/12 - 2*m**3/3 + m. Determine r(i).
3
Let i(d) = -4*d**2 + 57*d + 58. Let y(k) = k**2 - 19*k - 19. Let q(z) = -2*i(z) - 7*y(z). Give q(-18).
-1
Let c(g) = 160*g + 2 + 1 + 2 - 163*g - 1. Suppose 0 = s - 0*s + 4. What is c(s)?
16
Let u be 9/(-9) + -4 + 5. Let y(j) = j**2 + 49. Calculate y(u).
49
Let w(x) = 5*x**3 - x. Suppose 2*o = 23*c - 19*c + 146, -3*o = 3*c - 174. Let s(b) = -b**2 - 5*b - 6. Let p be s(-5). Let j be p/27 - 49/o. What is w(j)?
-4
Let v(i) = -i**3 + 6*i**2 - 7*i - 1. Let d(r) = r**2 + 5*r - 63. Let y be d(6). Determine v(y).
5
Suppose -210*a + 220*a - 20 = 0. Let d(k) = 0*k**3 - k**3 - 2 + 5*k**3 - 2*k**2 + 2*k - 2*k**3. What is d(a)?
10
Let u(q) = 4*q**2 + 3*q + 2. Let s be u(-1). Let w(y) = -y**2 - y + 32*y**3 - 13*y**3 - 39*y**s. Calculate w(-1).
20
Suppose 3*s - 12 = -2*y, -2*s + 2*y = 5*y - 13. Let o(j) = -3*j - 9 - 5*j - 3*j. Let g(w) = -5*w - 4. Let u(q) = -9*g(q) + 4*o(q). Give u(s).
2
Let y(a) = -a**3 - 2*a**2 - 3*a - 2. Let x be 2/((-1)/((-5)/2)). Suppose 0 = o - x*o. Suppose o*f + 2 = -f. Give y(f).
4
Let x(f) = -18*f - 8. Let z(v) = 22*v + 8. Let i(j) = 4*x(j) + 3*z(j). Give i(-1).
-2
Suppose 2*n = n + 5*k - 28, 16 = -2*n + 2*k. Let a = n + 4. Let r(o) = 8 + o**2 + 12 + o**3 - o + 17 + 16 - 52. Calculate r(a).
2
Let a(u) = 12*u - 1. Let h(d) = -d. Let t(g) = a(g) + 4*h(g). Let y(s) = 17*s**2 + 0*s**2 - 24*s - 3 + 4 + s**3 + 6*s**2. Let v be y(-24). Calculate t(v).
7
Suppose -23 = -2*c - 3. Let w(g) = 24 - 7 - 3 - c - g. Give w(-3).
7
Suppose -20*b + 18*b - 10 = 0. Let s(y) = y**2 + 9*y - 5. Determine s(b).
-25
Let h(r) = 1. Let o be (8/8)/(1/6). Suppose -4*v + o = 2. Let f(k) = k - 3. Let y(d) = v*f(d) - 4*h(d). What is y(-5)?
-12
Let o(u) = u - 2 + 401*u**2 - 8*u**3 + 401*u**2 - 800*u**2. What is o(1)?
-7
Suppose 84*r = 73*r - 33. Let v(f) = -f + 1. Determine v(r).
4
Suppose -2*n + 40 = 2*n. Suppose n - 4 = 3*h. Suppose -5*o - 5*q = -50, 3*q - h*q + 20 = 5*o. Let r(g) = g**2 - 6*g - 5. What is r(o)?
-10
Let k(r) = 16 + 3*r**3 - 15 - 2*r**3 - 2*r**2. Let j(d) = -2*d - 1. Let n be j(-5). Suppose -n*b = -10*b + 1. What is k(b)?
0
Let z(o) be the third derivative of -o**8/6720 + o**7/630 + o**6/360 - o**5/60 - 5*o**4/8 - 2*o**2. Let f(g) be the second derivative of z(g). Calculate f(4).
6
Let a(i) = -i**2 - 14*i - 40. Let r be a(-7). Suppose 2*z - r = -17. Let q(u) = -u**2 - 8*u - 6. Give q(z).
10
Let p(b) = 6*b**2 + 2*b - 1. Let d(o) = o**2 - 12*o - 12. Let r(j) = 6*j**2 - 4*j**2 + 13 - j**2 + 17*j - 6*j. Let l be r(-11). Let a be d(l). Calculate p(a).
7
Suppose 4*r - 2*g - 12 = 2*g, 0 = r + 4*g - 13. Suppose -2*m = y - 9, r*y + 0*y + m = 9. Let w(q) = -7302*q + 7303*q - 22*q**2 + 8*q**2. Give w(y).
-13
Let w(p) = -6*p + 1 - 17*p + 28*p. Determine w(-3).
-14
Let d(s) be the third derivative of s**5/10 - 5*s**4/8 + 2*s**3/3 - 44*s**2. What is d(3)?
13
Let n(l) = -l**3 + 6*l**2 + 11*l - 24. Let j be n(7). Let k(b) = -22*b - 6 + 19*b + 3. Determine k(j).
-15
Let z(q) be the first derivative of -q**7/840 + q**6/120 + q**5/40 - 5*q**4/24 - 7*q**3/3 + 11. Let g(b) be the third derivative of z(b). Give g(4).
-9
Let o(b) be the first derivative of 3*b**2/2 - 3. Suppose 4*s + 115 = 5*u, 0*u + 3*u = -2*s + 47. Suppose u - 11 = -2*h. Calculate o(h).
-12
Let u(p) = -14 - 1248*p**2 + 2 + 1247*p**2 - 13*p. Calculate u(-11).
10
Let p(y) be the third derivative of -3*y**6/40 + y**5/60 + 158*y**2. Calculate p(-1).
10
Let n(z) = -2*z**2 - 6*z + 1. Let l(y) = y**3 - y**2 - y. Let j(q) = 4*l(q) - n(q). Calculate j(1).
3
Let g(u) = 2*u + 1. Let n(q) = 9*q - 1. Suppose -4 = -2*j - 0*y - 3*y, -3*j + 5*y + 6 = 0. Let a(p) = j*g(p) - n(p). What is a(2)?
-7
Suppose -4*i = 5*u - 294, 0 = i + 4. Suppose -5*o - u = 13. Let r be 2/o - 88/15. Let x(h) = h**3 + 6*h**2 - 2*h + 1. Determine x(r).
13
Let h(r) = r - 6. Let z(m) = 20*m**3 + 2*m**2 + m. Let p be z(-1). Let l = -4 - p. Let v be (-3)/l - (-2)/10. Give h(v).
-6
Let m(y) = -y**2 + 9*y + 14. Let g be m(10). Let a(l) = -2*l**2 + 3*l - 8*l - g + 5*l + 5*l. Give a(3).
-7
Let c(m) be the third derivative of m**6/120 - m**5/12 - 7*m**4/24 + m**3/6 + 2277*m**2. Suppose 0*v + 6 = v. Calculate c(v).
-5
Let p be (-1)/((-27)/6 - -4). Let v(t) = -1 + p - 1 + 2 - t. Give v(3).
-1
Let c(v) = v**2 + 15. Suppose 5*m = -2*o + 9, 0 = -m + 4*m - o - 12. Suppose 2*i = 2*u - 8, -m*u - 4*i + 14 = -u. Let r be (3 + -3)/(u/(-5)). Calculate c(r).
15
Let y(h) = h**2 + 4*h - 4. Suppose -4*z - 20 = 0, 7*l + 3*z = 6*l - 21. Give y(l).
8
Suppose 0 = -y - 63 - 13. Let b = y - -70. Let k(j) = -j**2 - 6*j - 7. Calculate k(b).
-7
Let d(b) = 2*b**2 + 8*b - 5. Let u(g) = -2*g**2 + 15*g - 22. Let x be u(5). Let o(f) = -f**2 - f + 1. Let a(n) = x*o(n) + d(n). Calculate a(6).
-8
Let n = 42 - 10. Let s(o) = 3*o - 2*o**2 - 30 + 7*o**2 + o**3 + n. What is s(-5)?
-13
Let p(v) = 2*v + 9. Let b(q) = -4*q - 22. Let h(f) = -4*b(f) - 9*p(f). Calculate h(0).
7
Let u be (-4)/8 - (-27)/(-2). Suppose -k - v = 2*k + 11, -10 = -5*k + 4*v. Let w be u/4 + 1/k. Let y(s) = s**3 + 3*s**2 - 3*s. Give y(w).
-4
Let s be 7/(-3) - (-5)/15. Let k(j) = j**2 + 3*j + 2. What is k(s)?
0
Let m(n) = -n**3 - 12*n**2 - 11*n + 3. Let i be (-26 - -21) + (-6)/1. What is m(i)?
3
Let z = -25 + 69. Let o = z + -49. Let t(u) = u + 12. Determine t(o).
7
Suppose -5 = j, -5*j = 5*d - j - 5. Suppose i = d*i. Suppose i + 5 = y. Let s(v) = -v**3 + 6*v**2 - 5*v + 5. Give s(y).
5
Let x be -6*-3*(-4)/(-24). Suppose x = -i - 2. Let m(q) = -8*q + 9*q + 0 + 0. Determine m(i).
-5
Let o(u) = -41*u**2 - 3*u - 1. Let p(a) = -89*a**2 - 6*a - 3. Let j(w) = 13*o(w) - 6*p(w). Give j(5).
15
Let o(n) = -4*n**3 + 4*n - 4*n - 4*n**2 + 5*n**3 + 4*n - 4. Let d(k) = 2*k**2 + 3*k + 10. Let v be d(-3). Let p = v - 16. Determine o(p).
-1
Suppose -25 = -3*j - 2*j. Let x(o) = -2*o - 4 + 1 + 0*o + 0*o + j*o**2 + o**3. Suppose h - 7 + 32 = 5*p, -5*p = -2*h - 30. Determine x(h).
7
Let l(o) be the first derivative of o**5/20 + o**4/2 + 4*o**3/3 + 7*o**2/2 + 7*o + 6. Let y(i) be the first derivative of l(i). Give y(-5).
-8
Let q = -6 - -4. Let j(y) be the third derivative of y**6/120 + y**5/30 - y**4/12 - y**3/6 - 12*y**2 - 3. Give j(q).
3
Let b be (-60)/10*1/1. Let u be (-4)/3*(3 + b). Let y(g) = -2*g**2 + g - 1 + g**2 + 3*g. Give y(u).
-1
Let v(x) = -2 - 5*x - x**3 - 2*x**2 + 0 - 3*x**2. Suppose 0 = -3*q, 4*b + b = 4*q - 50. Let n be (b + 1 - -3 - -3)*1. Determine v(n).
-5
Let i be 8/28 - (-66)/14. Suppose 3*p - i - 1 = 5*g, -g - 4*p = -8. Suppose g + 12 = 4*y. Let j(l) = -l**2 + 3*l + 1. Calculate j(y).
1
Let t be 37 + -42 - (0 - -7). Let j(l) be the second derivative of -l**4/12 - 13*l**3/6 - 15*l**2/2 + 11*l. Calculate j(t).
-3
Suppose -3*x = 4*x + x. Let b(f) = f**3 + f**2 - f - 1. Give b(x).
-1
Suppose -108*s = -5*q - 104*s + 4, 3*q = 3*s. Let f(m) be the second derivative of m**5/20 - m**4/3 - m**3/2 + 5*m**2/2 + 2*m. Give f(q).
-7
Let t(b) be the first derivative of 10 + 1/4*b**4 + b - b**2 - b**3. What is t(2)?
-7
Let k(v) = 9*v**3 + 2*v + 3. Let i(h) = -11*h**3 - h**2 - 3*h - 3. Let x(a) = 5*i(a) + 6*k(a). Determine x(-5).
18
Let w be 1/(-3)*0/53 - 6. Let i(f) = f**3 + 5*f**2 - 8*f - 18. Calculate i(w).
-6
Let p(z) = z**2 - 3*z. Let f = 5 + 38. Let y = 46 - f. What is p(y)?
0
Suppose -5*d + 2*m = -16, 0 = -7*m + 3*m - 12. Let p(w) = -39*w**2 - 10*w + 80*w**2 - 42*w**d. Give p(-7).
21
Let o(d) be the third derivative of 2/15*d**5 + 1/120*d**6 + 0 + 1/3*d**3 + 0*d + 5/24*d**4 + 18*d**2. Give o(-7).
16
Let l(w) = -6 - w + 6*w + 6. Suppose 5*d - 3 - 7 = 0. Suppose 0 = d*q - 0 - 2. Determine l(q).
5
Let g(n) = n - 21 + 13 - n - n + 2*n. Calculate g(4).
-4
Let n be 14/(-18) -